Suppose 3*j = 5*h - 52, 2*h = 5*h - 5*j - 44. Suppose -u + h = u. Suppose u = 4*v - 0. What is the units digit of v?
1
Let a(t) = t**2 - t + 6. Let f(i) = i**3 + 3*i**2 + 2*i. Let x be f(-2). What is the units digit of a(x)?
6
Let v(r) = -r + 2. Let i be v(2). Suppose 2*s - 9 = -x, i = -5*s - 4*x + 22 + 5. What is the units digit of s?
3
Suppose 68*r - 66*r = 140. What is the tens digit of r?
7
Let f be 2 - 34/4*-2. Let v be ((-4)/(-6))/((-2)/(-36)). Let a = f - v. What is the units digit of a?
7
Suppose j = 5*j. Let f = 2 + j. What is the units digit of f?
2
Let k be 4/2*(-1 - 1). Let g be -2*2*4/(-2). Let d = k + g. What is the units digit of d?
4
Let v(h) = h**3 + 11*h**2 - 4*h + 12. What is the tens digit of v(-11)?
5
Suppose 5*z - 9*z + 292 = 0. What is the units digit of z?
3
Suppose -q = -15*q + 2604. What is the tens digit of q?
8
Let u = 7 + -3. Let h(v) be the third derivative of v**6/120 - v**5/30 - 5*v**4/24 - v**3/2 + v**2. What is the units digit of h(u)?
9
Let r(y) = -6*y**3 - 2*y**2 - 2. Let h be r(-2). Suppose -4*d = -10 - h. What is the units digit of d?
2
Let w(t) = -t**2 - t. Let k be w(-1). Let d be (-10)/25 + 2/5. Suppose -85 = -5*j - 2*i, d = 4*j - k*i - 3*i - 91. What is the units digit of j?
9
Suppose h - 6 = -h. Suppose 0 = -6*o + 4*o - 10, 21 = 3*a - 3*o. What is the units digit of ((2 - h) + a)*3?
3
Suppose -25 = 2*t + s, 5*t + 0*t + 3*s + 64 = 0. Let h be 51/3 + 3 + -1. Let n = h + t. What is the units digit of n?
8
Let d be 2 + -3 + -1 - 0. Let f be (-12 - (d + 0))*1. Let q = f - -14. What is the units digit of q?
4
Suppose -g + 18 = 4*m, -5*m + m = 5*g - 10. Suppose 3*x - 12 = -m*a, x - 4 = a - 0*x. Suppose a = 4*q - 13 + 5. What is the units digit of q?
2
Let x be (16/10)/((-2)/(-5)). What is the units digit of (-23)/(-3) + x/12?
8
Suppose -2*d - 33 = -7. Let q = d - -32. What is the tens digit of q?
1
Let s = -9 + 204. What is the hundreds digit of s?
1
Suppose -2*j + 4*j - 50 = 0. Suppose -5*n = -j - 0. Suppose -3*x + n*g - 3*g = -12, 0 = -4*g + 12. What is the units digit of x?
6
Let p = 17 - 15. What is the units digit of (77/p)/7*4?
2
Let s = -2 + 10. Suppose s = -3*t + 7*t. Suppose 0 = -5*f - 3*j + 3 + 35, 0 = -f - 2*j + t. What is the tens digit of f?
1
Let w(i) = -2*i**3 + 2*i**2 + 2*i + 1. Let b be w(-2). Let k = -5 + b. What is the units digit of k?
6
Let f(n) = -6*n**3 + n**2 - 1. Let w(g) = -1. Let h(z) = z + 3. Let q(c) = h(c) + 3*w(c). Let s be q(-1). What is the units digit of f(s)?
6
Let q(k) = -3*k + 10. Let l be q(3). What is the units digit of 74/12 - l/6?
6
Let j = 6 - 2. Let d(l) = l**2 - l + 9. Let x(p) = p**2 - 2*p + 8. Let a(m) = 4*d(m) - 5*x(m). What is the units digit of a(j)?
4
Suppose -14*a = -13*a - 37. What is the tens digit of a?
3
Suppose 66 = 3*d + d + 5*o, -o = 5*d - 72. Let z = d - 10. Suppose 3*q - 4*u = -5, 2*q - z*u = -0*q - 10. What is the units digit of q?
5
Let y = 0 - -3. Suppose -4*v + 7*v = y. Suppose -24 = -3*k + 2*t, -v = k + t - 4. What is the units digit of k?
6
Let u(g) = 3*g**2 + g - 2. Suppose 7*y + 8 = 3*y. What is the units digit of u(y)?
8
Let i(h) = -h**3 + h + 10. Let s be i(0). Suppose 3*n = n + s. What is the units digit of n?
5
Suppose -2*p - 13 = -5. What is the units digit of 176/28 - p/(-14)?
6
Let g be (-2)/6 - (-668)/6. Suppose g - 11 = 5*t. What is the tens digit of t?
2
What is the tens digit of 0 + 0 + 4 + 6?
1
What is the units digit of 3*(-4)/(4/(-3))?
9
Let u be 61/(-9) + (-4)/18. Let l = 0 - u. What is the units digit of l?
7
Let g be 564/(-14) - 8/(-28). What is the units digit of (-1264)/g - 4/(-10)?
2
Suppose -4 = -2*b - g, 0*b = -2*b - 5*g + 4. Let f be b/(((-8)/(-30))/(-2)). Let z = -7 - f. What is the units digit of z?
8
Let z(y) = -y**3 - 7*y**2 - 4*y - 4. Let t be z(-6). Let r = -11 - t. What is the units digit of r?
5
Let q(y) = y**2 + 0*y + 3*y + 8 + 2*y. Let n be q(-7). Let k = -11 + n. What is the tens digit of k?
1
Let r = -1 + 7. Suppose -3*b = 3*u - 6, 0*b - b = -3*u + r. Suppose -2*v + 4*f = -22, u*f + 8 = -2*f. What is the units digit of v?
7
Let d be ((-6)/18)/(2/(-12)). Let h = 8 + -3. Suppose -22 = -4*r - d*j, j - 21 + h = -3*r. What is the units digit of r?
5
Let s = -7 - -4. Let m = s - -4. What is the units digit of m?
1
Suppose f + 0*f = -19. Let u = -9 - f. What is the tens digit of u?
1
What is the units digit of 230/55 - (-4)/(-22)?
4
Let d(n) = n + 105. What is the tens digit of d(0)?
0
Let t be (5/(-2))/(1/(-6)). Let a(u) = u**3 + u**2 - 2*u + 3. Let m be a(2). Let c = t - m. What is the units digit of c?
4
Suppose 19*s + 191 = 1407. What is the units digit of s?
4
Let f be 1/5 + 6/(-30). Let p(h) = -h + 18. Let n be p(f). What is the tens digit of (-24)/n*(-15)/2?
1
Let y be ((-14)/(-2) - 4)*1. Suppose 3*l - 4*a = 125, -5*l + a + 90 = -y*l. What is the tens digit of l?
4
Let o(f) = f**3 + 7*f**2 + 5. Let c be 58/(-8) - 1/(-4). What is the units digit of o(c)?
5
Suppose -3*q - z + 31 = 0, -3 = 4*q - z - 35. Suppose 0 = 3*f + 3*x - 0*x + 9, -2*f - 6 = -x. Let i = f + q. What is the units digit of i?
6
Let z = -25 + 52. Suppose 0*o + 2*o - d = z, o - 2*d - 21 = 0. What is the tens digit of o?
1
Let q = 0 - -2. Suppose -p = -11 + q. Suppose -g = 2*s - p + 2, -g - 9 = -2*s. What is the units digit of s?
4
Let c(p) = -2*p - 7. Let t be c(-6). Suppose 0 = -t*h - 0*h + 30. What is the units digit of 11 - 1/(3/h)?
9
Suppose -l + 0 + 45 = 0. What is the units digit of l?
5
Suppose 0 = -5*z + 4*w + 16, w + 5 = -2*z + 1. Suppose 4*q = -z*q + 16. What is the units digit of q?
4
What is the tens digit of 12/(-27) - (-4872)/27?
8
Let n be (-8)/1*(-12 - 1). Suppose q + n = 9*q. What is the units digit of q?
3
Let n(i) = 2*i**2 - 3*i. What is the units digit of n(8)?
4
Let x = 8 - 3. What is the units digit of (14/x)/((-4)/(-20))?
4
Suppose 0 = 5*d - 3*d + 334. What is the units digit of (-3)/4 - d/4?
1
Let k = -26 - 16. What is the units digit of (-44)/(-3) - (-28)/k?
4
Suppose s - 70 = -4*v, -5*v + 2 + 73 = -5*s. Suppose -2*i = -3*x + v, -x + 1 + 6 = -i. Suppose -2*l + x*l - 7 = 0. What is the units digit of l?
7
Let h(y) = 3*y**2 - 9*y. What is the units digit of h(6)?
4
Let t(j) = -j**3 + 7*j**2 - 7*j + 3. Let i be t(6). Let a be 2/8 + 38/8. Let o = a + i. What is the units digit of o?
2
Suppose -2*r = 4*g - 272, 6 = 2*r - 2. What is the tens digit of g?
6
Suppose 2 = -4*q + 10. Suppose 0 = 4*l + l + 4*k - 31, 2*k - 14 = -q*l. Suppose -2*p + 3*v = -l, v = -2 + 5. What is the units digit of p?
6
What is the tens digit of 1*68 + -1*5/5?
6
Suppose 0 = -0*l - 3*l - 48. Let t = 25 + l. What is the units digit of t?
9
Suppose -6*g + 0*g = -210. What is the tens digit of g?
3
What is the tens digit of ((-48)/(-15)*12)/(8/40)?
9
Let q(s) = 33*s**2 - 10*s + 5. What is the units digit of q(-3)?
2
Let n(c) = c**3 - 7*c**2 - 7*c - 2. Let i be n(8). Suppose -i + 0 = -b. Suppose p - 4*v = -b, -5*p + 10 + 6 = 3*v. What is the units digit of p?
2
Let t = 63 + -19. What is the units digit of t?
4
Suppose -12 + 32 = 4*r. Suppose 3*f = 3*x + 12, -5*f - r*x + 16 = -14. What is the units digit of f?
5
Let i = -8 - -56. What is the tens digit of i?
4
Suppose -s + 2 - 31 = -3*f, -33 = 2*s - f. Let j(b) = 2*b + 11. Let x be j(-9). Let v = x - s. What is the units digit of v?
7
Let u = -11 - -16. Suppose 0 = -u*d + 20, -c - 7 = -3*d - 0. What is the units digit of c?
5
Suppose -21 = 5*i - 4*v + 5*v, -2*i - 2*v - 2 = 0. Let l = 23 + i. What is the units digit of l?
8
Suppose -9 = 3*n - 3. Let s be (18*1)/(3 + n). Suppose s = 4*v - 10. What is the units digit of v?
7
Let a(q) be the third derivative of -q**6/15 - q**5/30 + q**4/24 - q**3/3 - 9*q**2. What is the tens digit of a(-2)?
5
Let p be 1 + -1 + 2 + -6. Let v = p - 8. Let m = 18 + v. What is the units digit of m?
6
Let c(g) be the third derivative of -g**6/120 + 2*g**5/15 - 5*g**4/24 - 5*g**3/6 - 3*g**2. What is the units digit of c(7)?
9
Let a = -9 - -4. Let f = a - -6. What is the units digit of (3/6)/(f/2)?
1
Let a(j) be the third derivative of j**4/12 - j**3/3 + 2*j**2. What is the tens digit of a(6)?
1
Let l = 1 - -110. What is the units digit of l?
1
Suppose 0 = -k - 3*k - 4. What is the units digit of 13*k/(-3)*3?
3
Let m(q) = q**2 + 12*q + 23. What is the units digit of m(-17)?
8
Let